the prime factors of z?
7
Let n be (-2)/(-6)*(-12 - -21). Suppose -4*p = n*p - 35. Suppose 3*j - 173 = p*d, -5*d = -2*j - 2*j + 229. What are the prime factors of j?
2, 7
Let j be (-9)/6*32/12. Let d be (4 + j)/(2/1). Suppose h - 5*v - 38 = d, -v = -6*v. List the prime factors of h.
2, 19
Let l be 20/90 - 223/(-9). What are the prime factors of (7 - l)/((-3)/2)?
2, 3
Let s = -1576 + 3145. What are the prime factors of s?
3, 523
Let b be 16/5 + 2/(-10). Let z(a) = -4 - b + a**2 + 12*a + 12 + 10. List the prime factors of z(-11).
2
Let f be -26 + 0 + (-4)/(3 - 5). Let a = 58 - f. What are the prime factors of a?
2, 41
Let c be (4 - 6) + (-42)/(-3). Let o = 58 - c. List the prime factors of o.
2, 23
Let k = 26 + -23. Suppose 0*h + k*h = 156. What are the prime factors of h?
2, 13
Suppose 3*x - 48 = -2*x - u, -32 = -4*x - 4*u. What are the prime factors of -2*5/(x/(-117))?
3, 13
Suppose -s + 4*o - 2 = 0, 0 = -2*s + s + o + 1. What are the prime factors of (7 - 15)*(-2)/s?
2
Suppose -3*r = -2*q + r - 60, -5*r - 135 = 5*q. What are the prime factors of 105 + (-7 - (3 + q/4))?
2, 3, 17
Let q = -327 + 3007. What are the prime factors of q?
2, 5, 67
Suppose 2*p = -4*p + 18. Suppose -3*o - 129 = -p*n, 3*n - 5*o + 51 - 180 = 0. Suppose u + 8 = n. What are the prime factors of u?
5, 7
Suppose 67*r + 10329 = 78*r. List the prime factors of r.
3, 313
Suppose 5*s + c = 9761, -4*s - 3*c = 2*s - 11715. What are the prime factors of s?
2, 61
Let t(v) = -669*v - 22. What are the prime factors of t(-1)?
647
Suppose 0 = 6*g - g - 10. Suppose 21 = 3*b - g*b. List the prime factors of b.
3, 7
Let r = 3158 - -691. List the prime factors of r.
3, 1283
Suppose -2 + 8 = -3*s. Let q be 343/14 - s/4. Let k = 41 - q. List the prime factors of k.
2
Let a(g) = 43*g**2 - 3*g + 13. List the prime factors of a(3).
17, 23
Suppose -5*w = -12*q + 14*q - 5396, 4322 = 4*w - q. List the prime factors of w.
2, 3, 5
Suppose 3*r - 5*r = -448. List the prime factors of r.
2, 7
Let u(y) = -2*y**3 + 29*y**2 + 3*y + 2. What are the prime factors of u(14)?
2, 3, 5
Let i = 34 + -34. Suppose 4*b - 376 = -0*v - 4*v, i = -b - 2. List the prime factors of v.
2, 3
Let m = -2 - -11. Suppose m*z + 18 = 11*z. What are the prime factors of z?
3
Suppose h + u = 4*u + 414, 0 = 3*h - 4*u - 1262. List the prime factors of h.
2, 3, 71
Suppose -3*w + 0*w = -9, n = -4*w + 15. Suppose 125 = n*p + 5*i, -3*p + i + 182 = p. What are the prime factors of p?
3, 5
Let i(f) = 8*f**3 - 5*f**2 + 6*f - 8. List the prime factors of i(4).
2, 7
Let v = 40 - 40. Suppose -3*k = -v*k - 5*u - 63, 3*k + 5*u - 33 = 0. What are the prime factors of k?
2
Suppose -451 = -j + 36. What are the prime factors of j?
487
Suppose 2*u - 4*u = -38. Let s be 8/2 + 2/(-2). Let t = u + s. What are the prime factors of t?
2, 11
Let i(f) = -f**3 - 2*f**2 + 4*f + 7. Let h be i(4). Let m = h + 124. What are the prime factors of m?
3, 17
Let s(y) = -y**2 + 10*y - 6. Let b be s(9). Suppose -3*i + 79 = -b*u + 5*u, -u + 5*i + 33 = 0. What are the prime factors of u?
2, 19
Suppose -14*k + 10*k - 6200 = -4*n, 0 = -n - k + 1544. List the prime factors of n.
7, 13, 17
Let c(f) = f**2 + 3*f - 3. Let d be c(-5). Let i(r) be the second derivative of r**5/20 - r**4/2 + r**3/6 - 7*r**2/2 + 42*r. What are the prime factors of i(d)?
7
Suppose 4*y - 3634 = 5*w, -4*w + 1357 = 2*y - 473. List the prime factors of y.
911
Let o(p) = -5*p**3 + p**2 + p - 1. Let t be o(-2). Let b = -30 + t. What are the prime factors of b?
11
Suppose -7*j = -5*j + 2. Let m(l) = -3*l + 1. Let p be m(j). Suppose 3*f - z - 98 = 0, p = z - 3*z. What are the prime factors of f?
2
Let l = -804 + 1074. List the prime factors of l.
2, 3, 5
Let i be 435/75 - 1/(-5). Let m(l) = 4*l**2 - 5*l + 24. List the prime factors of m(i).
2, 3, 23
Suppose 0 = -2*v + 2 + 4, 0 = 5*m + 5*v - 460. Let g = -52 + m. List the prime factors of g.
37
Let p be ((-5)/(-10))/((-2)/(-16)). Let n(i) = p*i**2 + i**3 - 1 - 4*i**2 + 6*i**2 + 3. What are the prime factors of n(-5)?
3
Let h(v) = 11 + 4*v**2 - 4 + v**3 + 0*v**3 - 5*v. Let j be h(-6). Let l = j + 64. What are the prime factors of l?
29
List the prime factors of (-44614)/(-10) + (-63)/(-105).
2, 23, 97
Suppose -25 = -8*m + 3*m - 5*p, -3*p = -4*m + 6. Suppose -m*n + 289 + 44 = 0. List the prime factors of n.
3, 37
Suppose 0 = 4*j + 29*a - 32*a - 964, -2*j - 5*a + 456 = 0. What are the prime factors of j?
2, 7, 17
Let k(c) be the first derivative of -c**3/3 - c**2/2 + 1. Let n be k(0). Suppose 0 = -2*q - n*q + 8. What are the prime factors of q?
2
Suppose 0 = 4*n + 4, 2*a - 4*n - 30 = -6. Let k(p) be the first derivative of -p**3/3 + 11*p**2/2 + 3*p - 6. List the prime factors of k(a).
13
Let p(a) = 11*a**2 + a - 4*a**3 + 9*a**3 - 7 + 0*a**3 - 6*a**3. Let g be p(11). Suppose 2*w = 5*y - 84, 66 = g*y - 2*w + w. What are the prime factors of y?
2
Suppose c - 7 = 8. Suppose -u + 30 = 5*l, 0 = -2*l + l - 2*u + c. Suppose 3*a - 2*a - 3*v = 1, -v = -l*a + 75. List the prime factors of a.
2
Suppose -6 = -3*u + 9. Suppose 3*o + 2*c + c = 0, 4*o = u*c. Suppose -3*y = -o - 18. What are the prime factors of y?
2, 3
Suppose 2*b - 35 + 12 = 3*n, -5*b + 30 = -2*n. What are the prime factors of (b/6)/(-1)*-15?
2, 5
Suppose -2*h + 1746 = 2*h + 2*l, -5*h + 2199 = -3*l. List the prime factors of h.
2, 3, 73
What are the prime factors of 5 + (-20)/45 + 9602/18?
2, 269
Suppose 2*z + 6341 = 3*w - 602, -4*w = -2*z - 9256. List the prime factors of w.
3, 257
Suppose 3 = 3*u + 3. Suppose -3*r + n = -246, u*r = 4*r - 3*n - 328. What are the prime factors of r?
2, 41
List the prime factors of (-1 + (-35)/(-15))*(-2382)/(-4).
2, 397
Let n(w) = w**2 - 7*w - 6. Let t be n(-5). Suppose -55*s + 71 = -t*s. What are the prime factors of s?
71
Let v be 5 + (0 - 4) + -1 + 250. Suppose x + 61 = i, 0 = 4*i - x + 3*x - v. What are the prime factors of i?
2, 31
Suppose -4*d - 5 = 3, -5*s = 4*d + 3. Let u(l) = -4*l**3 + 4 - 6*l**3 + 9*l**2 + s + 11*l**3. What are the prime factors of u(-9)?
5
Let x = -1 - -3. Suppose x*q = -3*q + 360. What are the prime factors of q?
2, 3
Let h(t) = -t**2 + 5*t + 53*t**3 + 46*t**3 + t**3 - 4*t. Let c be h(1). Suppose 6*z - c = z. List the prime factors of z.
2, 5
Let l = 4044 - -1315. List the prime factors of l.
23, 233
Let t = 48 + -44. Suppose q - 74 = -3*b, 2*q + t*b = 4*q - 198. List the prime factors of q.
89
Suppose 0 = 42*p - 37*p - 880. Suppose 0 = -3*k + 3*n + 138 + 123, -2*k = -4*n - p. List the prime factors of k.
2, 43
Suppose 0 = 2*x + 2*f, -x - 4*f - 45 = -6*x. Suppose 1 = -2*g - x, -4*g - 12 = 2*k. Suppose -2*o + k*o - 19 = -3*p, 5*o + 37 = 4*p. List the prime factors of p.
3
Let l(q) = q - 7. Let j = 4 - -5. Let g be l(j). Let k(m) = 5*m - 2. List the prime factors of k(g).
2
Suppose 2*s + 4*s = 0. Suppose s = 3*g - 33 - 114. What are the prime factors of g?
7
Let d = -743 - -1333. What are the prime factors of d?
2, 5, 59
Suppose -3*t + 6 = 0, 0 = q + 3*q + t - 1210. What are the prime factors of q?
2, 151
Let d = -19 - -10. Let y be d/(1/(-18)*2). Let l = y + -49. What are the prime factors of l?
2
Let u(v) = v**2 + 3*v - 40. List the prime factors of u(13).
2, 3, 7
Let m(d) = 8*d**2 - 6*d - 4. Let b be m(2). Suppose -f + b = -2. What are the prime factors of f?
2, 3
Let b(t) = -t**2 + 25*t + 32. Let s be b(26). Suppose q - s*v - 94 = -2*v, 3*v - 267 = -3*q. List the prime factors of q.
2, 3, 5
Suppose -5*l = -1438 - 692. List the prime factors of l.
2, 3, 71
Suppose -l + 36 = 2*l. Let p = l + -7. Suppose -190 = -p*f - 40. List the prime factors of f.
2, 3, 5
Let u(i) = -5*i + 44. Let v(b) = 1. Let h(y) = u(y) - 3*v(y). List the prime factors of h(0).
41
Suppose -73*c = -77*c + 676. List the prime factors of c.
13
List the prime factors of (-610 + 60/(-6))/(4/(-2)).
2, 5, 31
Suppose 3*h - 4256 = -5*d, -5*h + 9*d = 4*d - 7080. Suppose -2*k + 225 = o, -5*o - 2*k = 324 - h. List the prime factors of o.
7, 31
List the prime factors of (-15715)/28*72/(-45).
2, 449
Suppose 3 = 3*q - 3. Suppose 10 = -r + q. Let j(b) = -2*b. List the prime factors of j(r).
2
Let g = 237 - 31. List the prime factors of g.
2, 103
Let n(c) = 138*c + 872. What are the prime factors of n(18)?
2, 839
Let s(g) = -12*g + 1. Suppose -3 = -11*j - 80. What are the prime factors o